+ 2 = 0, -4 = -n + c. What is the greatest common factor of n and 72?
8
Let m = -13 - -10. Let t(k) = -42*k - 6. Let c be t(m). Let d be (-145)/(-3) + (-2)/6. What is the highest common factor of c and d?
24
Suppose -111*p + 110*p = -24. Calculate the greatest common divisor of p and 88.
8
Let s = -2044 + 2077. Calculate the highest common divisor of s and 132.
33
Let r = -54 + 56. Let s be (-78)/(-4) - (-4 - (-11)/r). What is the greatest common factor of s and 54?
18
Suppose 4*z - 479 = -47. What is the highest common factor of 189 and z?
27
Let a be 5 + (-2 - (1 + -2)). Suppose 0 = -2*c - a + 42. Let s = -215 - -310. What is the greatest common factor of s and c?
19
Suppose 18*m - 2*p = 15*m + 18, 12 = 2*m + 3*p. Let w(j) = 3*j**2. Let o be w(-1). Calculate the greatest common factor of o and m.
3
Let u(g) = g**3 + 3*g**2 - 6*g - 1. Suppose -5*v - 9 = 11. Let y be u(v). What is the highest common divisor of 28 and y?
7
Let b(a) = 52*a**2 - 17*a - 39. Let z be b(-3). Calculate the highest common divisor of z and 192.
96
Suppose 48*y + 59 = 971. Calculate the greatest common divisor of 1349 and y.
19
Let i = -135 - -117. Let u be (2 - i)/((-5)/(-10)). What is the greatest common factor of 20 and u?
20
Let x(i) = 6*i. Let q be x(5). Let r = 207 + -197. Let j be q/(-3)*(-12)/r. What is the highest common factor of j and 8?
4
Suppose 10 + 8 = 5*i - 2*c, -5*c - 10 = 5*i. Suppose 3*m + 3 = 6*m. Let h be -1*m/1 + 19. What is the greatest common divisor of h and i?
2
Let i(n) = -7*n + 30 + 37 - 73 - n**2. Let r be i(-4). Calculate the greatest common factor of r and 54.
6
Let h(m) = -4*m + 192. Let b be h(38). What is the greatest common divisor of b and 20?
20
Suppose t = 4*t - 528. Suppose -30 = -r - 2*c, 0 = -3*r - r + 2*c + 80. Calculate the greatest common divisor of t and r.
22
Let k be 3 + (1 - 8) + 33/1. Suppose -4*s + 166 = -66. Calculate the greatest common factor of s and k.
29
Let j = -83 + 272. Let p be ((-14)/2 - 0)*-3. Calculate the greatest common factor of j and p.
21
Suppose 28305 = 8*d + 29*d. What is the highest common divisor of 45 and d?
45
Suppose 0 = -16*w + 46*w - 450. Calculate the highest common divisor of 70 and w.
5
Let g(q) = -q + 4. Let j = 43 - 48. Let k be g(j). Calculate the greatest common factor of k and 72.
9
Suppose -4*q = q - 5*d - 30, q - 18 = 5*d. Suppose z - 9 = 2*b, 8 = 2*z - z - q*b. What is the highest common factor of z and 121?
11
Let s be 1/((-1)/(-12) - 0). Suppose 0 = -w + 7*w - 24. What is the greatest common factor of s and w?
4
Let a(g) = 2*g + 5. Let j be a(0). Let w be (j - 12)/(0 + -1). What is the highest common divisor of 14 and w?
7
Suppose -b = -103 - 46. Suppose b = 2*w - 173. What is the greatest common divisor of 23 and w?
23
Let y be ((-33)/(-2))/(30/20). Suppose -39 - y = -5*x. Calculate the highest common divisor of 50 and x.
10
Let n(d) = 7*d - 75. Let t be n(13). Calculate the highest common divisor of t and 6.
2
Suppose 4*i - 12 = -a, 2*i + 4*a = -a + 24. Let h be 1*1/1 + 3. What is the highest common divisor of i and h?
2
Let a = 314 + -291. What is the greatest common divisor of 184 and a?
23
Let r = -4 + 2. Let i(s) be the first derivative of -s**4/4 + 2*s**3/3 - s**2 - 2*s - 18. Let u be i(r). Calculate the highest common divisor of u and 36.
18
Let m be 6/9 + 1/3 + 76. Let r be 38 - ((-4)/(-18) + m/99). What is the greatest common factor of 259 and r?
37
Suppose 8*s = 2*s + 216. Suppose 3*n + f = -2*f - s, n - 4*f + 27 = 0. Let u = -5 - n. What is the greatest common divisor of u and 40?
10
Let c(y) = 62*y**2 + y. Let z be c(1). Suppose 4*d + 12*v - 9*v - 30 = 0, d - 7 = -v. What is the greatest common divisor of d and z?
9
Suppose -15 = 4*a - a. Let o = -2 - a. Suppose -4 - 9 = -13*b. What is the highest common factor of o and b?
1
Suppose 97 = -13*r + 175. Calculate the highest common divisor of r and 42.
6
Suppose -666 - 864 = -17*u. What is the highest common divisor of 150 and u?
30
Let l(y) = 11*y**2 - 10*y + 56. Let n be l(4). What is the highest common divisor of n and 128?
64
Suppose -18*w + 2267 + 3547 = 0. What is the highest common factor of 17 and w?
17
Suppose 0 = 2*k - k - 5. Suppose m - 3*c - 17 = 0, -5*m + 28 = k*c - c. What is the greatest common factor of 24 and m?
8
Let l = 72 - -36. Let d(r) = -r**3 + 15*r**2 - 2*r - 3. Let s be d(15). Let j = 45 + s. What is the highest common factor of j and l?
12
Let d = 59 - 41. Let x = 2622 + -1769. Suppose 4*l - x + 61 = 0. Calculate the highest common divisor of l and d.
18
Let z be 27 - (-1 + 1 - 0). What is the greatest common factor of z and 72?
9
Let v be (-17 - -17 - 7) + 1 + 104. What is the highest common factor of v and 980?
98
Suppose 0 = 3*p + a + a - 16, -20 = -5*p - 2*a. Suppose 132 = 4*x - p*u, 0*u + 4 = 2*u. Suppose z - x = 8. What is the greatest common factor of 28 and z?
14
Let q(d) = d**3 + 12*d**2 - 13*d + 6. Let y(x) = -x**2 - 17*x + 5. Let o be y(-18). Let u be q(o). Calculate the highest common divisor of 6 and u.
6
Let i = 317 + -311. Suppose 4 = -3*s + 4*g, -s - 2*s - 4*g = -28. Calculate the greatest common divisor of s and i.
2
Let b = 161 - 226. Let m = 70 + b. What is the highest common factor of m and 15?
5
Let r = 1576 + -1070. What is the highest common factor of 22 and r?
22
Let l = -25 - -29. Suppose 2*v + l*c - 3*c - 12 = 0, 2*v = -4*c + 6. Let u be v/((-14)/(-20)) - 0. Calculate the highest common divisor of 15 and u.
5
Let b be 3584/80*10/4. Let v be 14/(-6)*-3*2. Calculate the highest common divisor of v and b.
14
Let d be ((-1)/1)/(-1) - 28. Let t be (-64)/(-36) - 6/d. Suppose 6 = 2*j + t. Calculate the greatest common factor of j and 16.
2
Let o(f) = -5*f - 30. Let l be o(-15). Suppose i - l = -4*p, p + 110 = 2*i + 5*p. What is the greatest common divisor of i and 39?
13
Suppose 17*w = 23*w - 126. What is the greatest common divisor of w and 9?
3
Let r(t) = t**3 + 15*t**2 + 12*t - 7. Let m be r(-13). Suppose 2*l - 64 = -2*a, 0 = 4*a + 3*l - 143 + 12. What is the highest common factor of a and m?
35
Suppose 2*o + 4 = -4. Let i be (-1)/o - (-390)/40. What is the highest common factor of i and 70?
10
Let g = 319 + 289. What is the highest common divisor of 16 and g?
16
Let d(t) = 13*t - 1. Suppose -w - 4*x + 9 = 0, 0 = w - 0*x + 2*x - 5. Let s be d(w). What is the greatest common divisor of 6 and s?
6
Let n be ((-5)/(-10))/(217/54 + -4). Calculate the greatest common divisor of n and 15.
3
Suppose -2*b + 3*c + 179 = 0, b + 3*c - 82 = 2*c. Suppose -2*i + 0*i = -4, u + 5*i - 44 = 0. What is the greatest common factor of u and b?
17
Let d = 384 + -337. What is the highest common divisor of 1 and d?
1
Suppose 2*r - 13 = -23. Let l = 21 + r. What is the highest common factor of 24 and l?
8
Suppose -2*l + 74 = a, -105 + 19 = -2*l + a. Suppose 2*s = s + 60. Calculate the greatest common divisor of s and l.
20
Let l(r) = -2*r + 5. Let y be l(2). Let w be (30/20)/((-174)/176 + y). Calculate the highest common divisor of w and 33.
33
Let i(d) = -17*d**3 - 2*d**2 + 5*d + 10. Let n be i(-2). What is the highest common divisor of n and 224?
32
Let a be (((-4884)/36)/(-37))/(1/177). What is the highest common divisor of 177 and a?
59
Suppose -26*b = -10309 - 741. Calculate the greatest common factor of b and 34.
17
Suppose -2*l = -3*k + 3*l - 292, -351 = 4*k + l. Let w = k + 100. Calculate the greatest common divisor of w and 22.
11
Suppose 2*a - 128 = -2*m, 4*m = -4*a - m + 255. What is the greatest common divisor of a and 5?
5
Let v = -2055 + 2067. What is the highest common divisor of v and 2364?
12
Let c be 4*(-1)/2 - -22. Suppose 2*n = n + c. Suppose 0 = -j - 3 + 7. Calculate the greatest common divisor of n and j.
4
Let m(t) = -2*t - 10. Let i be m(-4). Let v be ((-33)/(-6))/11 + (-21)/i. Calculate the greatest common factor of v and 77.
11
Let j be 0 + -3 - 5/((-20)/(-92)). Let l be 160/(2/1)*j/(-65). What is the highest common factor of 80 and l?
16
Let y(u) = -8*u - 21. Let g be y(-15). Let n be -1*(g/(-3) + 4). Suppose 0 = 2*v - 62 + 4. Calculate the highest common divisor of n and v.
29
Let c(s) = -s**2 - 11*s - 17. Let t be c(-10). Let h be (-2420)/t + (-14)/(-49). Let q = h - 199. What is the greatest common divisor of q and 21?
21
Suppose -6 = -4*a + a, n - 1725 = -5*a. What 